 t?
1
Let r = -101809 + 173174. What is the tens digit of r?
6
Suppose 90*s + 40812 = 96*s. What is the units digit of s/14 + (-24)/28?
5
Let s be 4 - 1*(-144 - -3). Let i = 224 - s. What is the tens digit of i?
7
Let u(m) = -m + 1. Let c(v) = -4*v - 4. Let y(f) = c(f) - 6*u(f). Let a be y(7). Suppose -s = -a*s + 120. What is the units digit of s?
0
Suppose -4*v - 32 = -4*p + p, -3*v = p + 24. What is the hundreds digit of (1*206)/(9/((-180)/v))?
5
Suppose -3*p - 1 = w + 6, 3*p + 33 = -3*w. Let b = 15 + w. Suppose b*k + 5*k = 84. What is the units digit of k?
2
Suppose -2*q - 162 = -4*r, 0 = -4*q - 2*r + 36 - 370. Let f(p) = -25*p. Let w be f(4). Let x = q - w. What is the tens digit of x?
1
Suppose 270*w - 4414990 - 412070 = 0. What is the ten thousands digit of w?
1
Let v = 151 + 69. Let f be (-1)/(-4) + (-453)/4. Let n = v + f. What is the tens digit of n?
0
Suppose -17*p + 21*p - 4 = 0, i - p = 2312. What is the hundreds digit of i?
3
Let y(l) = 14606*l**2 + 376*l + 377. What is the units digit of y(-1)?
7
Let p = 790 - 786. What is the units digit of 760 - 6 - (p - 11)?
1
Let y(z) = -396*z + 1495. What is the hundreds digit of y(-4)?
0
Suppose -a + c + 11 = 0, 0*a - 4*c - 38 = -3*a. Let b be (5 - (3 - a))/2. Let v(i) = 24*i - 8. What is the tens digit of v(b)?
8
Let w be 2/4*1*(3 - 7). What is the hundreds digit of (-21 + 19)/(w/207)?
2
Let k = 161 - 172. Let y = -22 + 8. Let s = k - y. What is the units digit of s?
3
Suppose -4 = 2*w, -3*k = -6*k - 2*w - 109. Let t = -39 - k. What is the hundreds digit of (-6876)/(-66) + 0 - t/(-22)?
1
Let q(n) = -3*n**2 - 42*n - 27. Let a be q(-13). Suppose -6*u = a*u - 7650. What is the hundreds digit of u?
4
Suppose -434 = -6*j - 98. Let c = 62 - j. Suppose -m + c*m - 260 = 0. What is the units digit of m?
2
Let v = -150 - -1743. Suppose -3*r + v = -3*d, 0 = -5*r + 10*d - 9*d + 2675. What is the units digit of r?
6
Let k(d) = -d**2 + 17*d + 33. Let l be k(19). Let h(u) = -u**2 - u - 1. Let m(n) = -8*n**2 + 6*n + 2. Let v(b) = 2*h(b) - m(b). What is the units digit of v(l)?
6
Suppose 6141 = 14*o - 2875. Suppose 8*v + 4*f - o = 4*v, 0 = -f. What is the hundreds digit of v?
1
Suppose 9*r - 137 = 178. Suppose 3*f - 95 = -c, -r*f = -32*f - 4*c - 100. What is the units digit of f?
2
Suppose 0 = x + 3*m - 18508, 0 = 3*x - 17*m + 19*m - 55517. What is the units digit of x?
5
What is the units digit of (-1)/((-27)/2853) + (-5)/3?
4
Suppose 2*s + 0*s - q - 24 = 0, 0 = -q - 4. Suppose 19*w = 18*w + s. What is the tens digit of w?
1
Suppose r = 5 - 7. What is the units digit of (r + 5)*140/60?
7
Suppose 14*v = 71 + 55. Let u(f) = v + 4*f + 9*f - 3*f. What is the units digit of u(4)?
9
Let z = -2083 + 8981. What is the tens digit of z?
9
Let c be (-15)/(-1)*(828/30 - -4). Let j = -184 + c. What is the tens digit of j?
9
Suppose -13*w + 18 = -34. Suppose -l = -4*k + 62, -4*l - w = -4*k + 52. What is the tens digit of k?
1
Let s = 446 + -508. Suppose 0*k - 3*k - 1005 = 5*o, k = 0. Let q = s - o. What is the hundreds digit of q?
1
Suppose 7846 = p + 5*o, -4*o + 27117 = 4*p - 4235. What is the thousands digit of p?
7
Let b(u) = -5*u**3 - 3*u**2 + 17*u - 12. Let t be b(10). Let y be (-14)/70 - t/10. Let m = y + -281. What is the tens digit of m?
3
Suppose -17*d = 8*d - 125. Suppose -d*c + 2823 = -2*t, -140 = -2*c - 5*t + 966. What is the tens digit of c?
6
Let j(z) = -13*z**3 - 8*z**2 - 9*z - 6. Suppose -7 = a - 3*n, a + 6 = -a - 2*n. What is the tens digit of j(a)?
3
Let n = -154 + 157. What is the hundreds digit of 564*(n + -4)*6/(-12)?
2
Suppose 121*g - 138*g = 75480. What is the hundreds digit of 1/((-3)/g) + 2/(-2)?
4
Let h(u) = -59*u - 128. Let x(s) = s**2 + 35*s + 19. Let l be x(-34). What is the tens digit of h(l)?
5
Suppose x - 49624 = -24*l + 19*l, -3*x = -2*l + 19853. What is the thousands digit of l?
9
Let l = -23655 - -40611. What is the ten thousands digit of l?
1
Let w be (-1)/(-2) - (-14007)/46. Suppose -g = 2*i - w - 122, -3*i + 12 = 0. Suppose -m - g = -3*j, -2*m - 583 + 27 = -4*j. What is the units digit of j?
1
Suppose 441 = 6*n + 3*n. Suppose -365 = -o - n. Let p = o + -129. What is the tens digit of p?
8
Let o(v) = -9382*v - 8002. What is the units digit of o(-7)?
2
Let o(f) = 2*f**2 + 44*f + 8. Suppose 4*j - 92 = 4*k, 36*k - 71 = 39*k - j. What is the hundreds digit of o(k)?
1
Suppose -3*s - 21 = -3*g, 5*g - 4*s = -5*s + 35. What is the units digit of (-33)/77 - (-5589)/g?
8
Let j = -120 + 102. Let i be 214/(-2) - (21 + j). What is the tens digit of 6/2 + (5 - i)?
1
Suppose 9*y - 14*y - b = -14199, -5*y + b + 14191 = 0. What is the tens digit of y?
3
Suppose 36 = -6*q + 6. Let x be ((-4)/(-5))/((-2)/q). Suppose 3*n - 446 = -4*h, h = 2*n + x*h - 294. What is the tens digit of n?
4
Suppose -112*n + 22196 = -108*n - 4*a, -a = n - 5543. What is the hundreds digit of n?
5
Let q = 1890 + -1336. Let h = q + -276. What is the tens digit of h?
7
Let y = 17289 + -12096. What is the thousands digit of y?
5
Let p be (-2 + 1)/(1/1*-1). Let d(u) = 1121*u + 46. What is the units digit of d(p)?
7
Suppose -32*k + 91335 = -17*k. What is the units digit of k?
9
Suppose -837*g = -804*g - 93720. What is the hundreds digit of g?
8
Let o(h) = -7444*h - 978. What is the units digit of o(-12)?
0
Let f be ((-50)/(-125))/((-2)/(-10)). Suppose -3*x + u - 692 = 0, f*x - 2*u + 229 = x. Let z = -152 - x. What is the tens digit of z?
7
Let f = 381 - 370. Suppose f*y - 4096 - 3714 = 0. What is the hundreds digit of y?
7
What is the hundreds digit of (3/((-12)/(-8)))/((-16)/(-451544))?
4
Let r(z) = -z**3 + 7*z**2 - 8*z - 3. Let c be r(5). Suppose 432 = c*o + o. What is the units digit of o?
4
Suppose 0 = 5*r - 4*b - 87, 3*b + 6 = 3*r - 48. Suppose -r*z = -9645 + 585. What is the units digit of z?
4
Let m(h) be the third derivative of -11*h**6/120 - h**5/30 + 5*h**4/24 + 5*h**3/6 - 12*h**2. What is the tens digit of m(-3)?
6
Suppose 453936 + 101415 = 203*n - 140533. What is the tens digit of n?
2
Suppose 9*x + 492 = 5*x. Let m = x + 128. Suppose 25 = -m*l, 3*i - 3*l - 242 - 70 = 0. What is the units digit of i?
9
Let k(f) = 14*f**2 + 22*f - 161. Let r(w) = -2*w**3 - 88*w**2 + 88*w - 81. Let u be r(-45). What is the tens digit of k(u)?
7
Let u(d) be the first derivative of -2*d**2 - 7*d - 28. Let n be u(-3). Suppose -171 = -n*l + 9. What is the units digit of l?
6
Let c = 68 - 63. Suppose -2*y = d - 78 - 8, -2*d + c*y = -154. Suppose -120 + 23 = -5*w - 4*j, j - d = -4*w. What is the tens digit of w?
2
Let j(s) = 721*s + 5854. What is the thousands digit of j(57)?
6
Suppose 3*n - 17 = -2*p, -5*n - 10 = -4*p - 3*n. Suppose -p*h + 1608 = 2*t, -3*t + 7*t - 5*h - 3164 = 0. What is the tens digit of t?
9
Let t(u) = 27*u**2 + 2713. Let c be t(0). Suppose 26*l - 9481 = c. What is the hundreds digit of l?
4
Let m = 620 - 612. What is the tens digit of (1362/m)/((-150)/(-400))?
5
Suppose 3*o - 20105 = -2*v - 6083, 3*v - o = 21022. What is the units digit of v?
8
Let h be (-1 + 37)*10/15. Suppose -29*b = -h*b - 1175. What is the units digit of b?
5
Suppose -6*u + 25966 = 3*t - 125357, 0 = -u + 5*t + 25204. What is the thousands digit of u?
5
Let i = -5 + -11. Let y be (3/(-2))/((-6)/i). What is the tens digit of 16*y/((-16)/6)?
2
Suppose 5*m - 5*a - 20 = 0, -a + 3 + 1 = m. Suppose -2*q + 5*c + 61 = 0, 0 = m*q - 2*c - 112 - 2. What is the tens digit of (q/(-12))/1*-9?
2
Suppose -6*p + 8355 = -3645. What is the tens digit of p?
0
Let c(b) = 4*b**3 - 17*b**2 + 7*b + 13. Let m(n) = -3*n**3 + 16*n**2 - 7*n - 15. Let p(q) = 4*c(q) + 5*m(q). What is the units digit of p(-12)?
1
Let q be ((-12)/18)/(4/6). Let m(b) = 25 - 25 + 20*b**2 + 90*b**2. What is the hundreds digit of m(q)?
1
Let h(c) = -7*c - 156. Let x be h(0). What is the units digit of (x/(-32))/((-12)/(-80))*2?
5
Suppose -4 = -c - 2, -5*s - 1125 = -5*c. Let o be s/(-3) - 4/(-6). Let x = o + 132. What is the hundreds digit of x?
2
Let z = 2414 - 471. What is the units digit of z?
3
Let q(w) = 4*w**3 + 0*w - 2 - 5*w**3 - 7*w**2 + 25 + 4*w. Let s be q(-10). Let c = s + -157. What is the units digit of c?
6
Let u be (25/50)/((-1)/2). Let b(o) = -794*o**3 + o**2 + o + 1. What is the units digit of b(u)?
5
Suppose -10610 = 9*l - 29870. What is the thousands digit of l?
2
Let y(g) = g**3 + 7